ppose 0*y = 5*y + 45. List the prime factors of 27/y - (-3*31 - 1).
7, 13
Let p = -421 - -1271. List the prime factors of p.
2, 5, 17
Suppose -3*f + 32 + 52 = -3*o, -2*o = -4*f + 58. Let d = 49 + -64. Let i = d - o. What are the prime factors of i?
2, 3
Let m(l) = -15*l - 35. Let s(g) = 7*g + 18. Let r(o) = -2*m(o) - 5*s(o). List the prime factors of r(-9).
5
Let s = 64 + 155. What are the prime factors of s?
3, 73
Let a be 79/11 + 10/(-55). Suppose a*c - 312 = 3*c. List the prime factors of c.
2, 3, 13
Let d be 76/(-57)*1206/(-4). Suppose 1398 - d = 6*x. List the prime factors of x.
2, 83
Let m(s) = -54*s + 199. List the prime factors of m(-9).
5, 137
Let d = -469 - -1047. List the prime factors of d.
2, 17
Let j(v) = 242*v**2 - v - 2. What are the prime factors of j(-1)?
241
Suppose -5*y = -10*y + 1100. Suppose 0*c - y = -4*f + c, -3*f + 178 = -4*c. List the prime factors of f.
2, 3
Suppose -2*s - 2700 = -4*h, -5*s = -3*h - 7*s + 2011. List the prime factors of h.
673
Let m(i) = -i**3 + 8*i**2 + 8*i + 8. Let y be m(9). Suppose s + 8 = 2*s. Let h = s + y. What are the prime factors of h?
7
Let h be 2/3 - 22/33. Suppose 0 = -s - h*s + 2*q + 14, 5*s = 2*q + 70. What are the prime factors of s?
2, 7
Let i(b) = b**2 + 9*b + 3. What are the prime factors of i(23)?
739
Let w = 107 + -103. Suppose r - w*r = -492. List the prime factors of r.
2, 41
Let x(n) be the second derivative of 4*n**5/5 + 5*n**4/12 + n**3/3 - n**2 - 6*n. What are the prime factors of x(2)?
2, 3, 5
Let w(k) = 3*k**2 + 2*k + 1. Let p be w(-1). Suppose 20 = 4*z - 2*h, -3*z + 4*h = p*z - 28. Let v = z - -5. What are the prime factors of v?
3
Suppose -130*m + 126*m + 6372 = 0. What are the prime factors of m?
3, 59
Suppose 22704 = 22*q - 0*q. What are the prime factors of q?
2, 3, 43
Let t = -78 + 66. Let i(k) = -k**2 - 25*k - 51. What are the prime factors of i(t)?
3, 5, 7
Let z(g) = -5*g + 12. Let h be z(2). Suppose 18 = h*t - 4. What are the prime factors of t?
11
Let i(z) = z**3 + 4*z**2. Let v be i(-4). Suppose 2*k - 2*w = k + 13, v = 3*k - 4*w - 31. List the prime factors of (2/6)/(k/135).
3
Suppose 3170 = 5*c - 1985. What are the prime factors of c?
1031
Suppose -2*m + 16 = -4*o, -m = 3*o - 3 - 5. Let v be ((-6)/(-8))/(39/104). Let w = v + m. What are the prime factors of w?
2, 5
Suppose -u - 18 = 5*a, -6*a - 26 = -a - 3*u. Let n be (-1 - 0)*(-4 - a). Suppose -4*p - 3*m + 80 = 3, 5*p + 4*m - 96 = n. What are the prime factors of p?
2, 5
Let l = 79 + -79. Suppose l = 3*z - 4*z + 19. List the prime factors of z.
19
Suppose -2*x = 3*x - 130. Let g(d) = -d**2 + 25*d + 48. What are the prime factors of g(x)?
2, 11
Let p = -74 - -176. Suppose b - 4*f = p, 0 = 3*b - b + 3*f - 215. What are the prime factors of b?
2, 53
Suppose 0 = g + 3*g + 320. Let q = g + 147. List the prime factors of q.
67
Suppose 0*j - 4 = -j. Suppose -j*m = -8*m + 468. Suppose 3*a + m = 4*p, 5*a = -p + a + 15. List the prime factors of p.
3
Let f = -40 + 93. Suppose -3*z - 68 = w + 14, 5*z = 2*w - 133. Let i = f + z. List the prime factors of i.
2, 13
Let m = -34 + 41. Suppose 13*h = m*h + 528. What are the prime factors of h?
2, 11
Let k = -22 - -24. Suppose -k*q + 0*z - 1 = 3*z, 9 = 3*q + z. Suppose 8*p - 4*p = -2*w + 12, 0 = 4*p + q. List the prime factors of w.
2
Let g = 1067 - 405. What are the prime factors of g?
2, 331
Let n(x) = x**3 - 3*x**2 - 143*x + 3. What are the prime factors of n(-10)?
7, 19
Let c be 3 + (-120)/(2 - 7). Suppose 5*t - 4*x - 162 = 0, 3*x = -t + 2*x + c. What are the prime factors of t?
2, 3, 5
Let h(w) = w**2 - 8*w - 6. Let m be h(9). Suppose q = -2*q + 12. Suppose -2*l + 44 = 2*j, q*j - m*l + 37 = 153. List the prime factors of j.
2, 13
Suppose 2*i = 4 + 4. Suppose 0 = -v + 7*v - 24. Suppose -v*p + 3*n = -71, 25 = 2*p - n - i*n. List the prime factors of p.
2, 5
Let s(i) = -27*i - 13. List the prime factors of s(-16).
419
List the prime factors of (-2 - 1148/10)/((-22)/55).
2, 73
Suppose -6*p + 6420 = 4*p. What are the prime factors of p?
2, 3, 107
Let f = -883 + 1330. What are the prime factors of f?
3, 149
Let q = 2408 - 1213. What are the prime factors of q?
5, 239
Let a(z) = 28*z - 6. List the prime factors of a(18).
2, 3, 83
Suppose -3 = -u + 2*l + 10, 0 = 4*u - 4*l - 36. Suppose 0 = -u*z + 61 + 29. List the prime factors of 56/(-6)*z/(-6).
2, 7
Suppose -4*g = 2*n + 3*n - 5, -3*n = 3*g - 3. Let a be (-402)/(-14) + 14/49. What are the prime factors of (g/2 - -1)*a?
29
Suppose 3*h = 5*d - 3784, 0 = -2*d + 10*h - 15*h + 1526. What are the prime factors of d?
2, 379
Let d be (-3)/2*(-176)/(-33). Let j be 14/4*d/(-14). List the prime factors of j/6 - 64/(-24).
3
Let h be (3 + (-3 - 0))/1. Suppose h = 10*s - 5*s - 175. What are the prime factors of s?
5, 7
Let y(r) = -r**2 + 86*r + 22. List the prime factors of y(47).
5, 7, 53
List the prime factors of (-3172)/(-5) - (-6)/10.
5, 127
Let m(o) = 8*o**2 + 205*o - 38. List the prime factors of m(-28).
2, 13, 19
Suppose -11*h + 4025 = -4*h. Suppose g + 4*g - h = -2*k, -4*k + 20 = 0. What are the prime factors of g?
113
Let w(g) = -g**3 - 2 - 11*g**2 - 2*g - 10*g**2 + 29*g**2. Let y be w(8). List the prime factors of (y/(-8))/((-1)/(-8)).
2, 3
Let r(t) = -6*t**3 - 2*t**2 + 7*t. List the prime factors of r(-4).
2, 3
Let t = 12 - 7. Suppose 3*p - 960 = -t*p. What are the prime factors of p?
2, 3, 5
Let z = -10 - -10. Let l = -3 + z. List the prime factors of 2 + (0 - -3) + l.
2
Let r(k) = -2*k**2 + 22*k - 37. Let w(f) = f**2 - 11*f + 18. Let m(g) = 3*r(g) + 7*w(g). Let j = 21 + -9. List the prime factors of m(j).
3
List the prime factors of 4/14 - (105120/14)/(-5).
2, 751
Suppose 2*w - 73 = 23. What are the prime factors of -4*5/((-20)/w)?
2, 3
Let m(p) = -4*p**2 + 2. Let w(i) = 11*i**2 - 6. Let y(z) = 8*m(z) + 3*w(z). Suppose 0 = 2*b + 2 + 8. What are the prime factors of y(b)?
23
Suppose 47 + 13 = -5*q. Let n be (q/(-16))/(1/4). Suppose 17 + n = 2*y + 5*s, y = 5*s + 25. What are the prime factors of y?
3, 5
List the prime factors of (1115 + (0 - 4))*(0 - -1).
11, 101
Suppose -6*n = 17 - 47. Suppose -190 = -n*w - 3*v, 0*v = 3*w + v - 118. What are the prime factors of w?
41
List the prime factors of (4/(-10))/(-10 - 134490/(-13450)).
2, 269
Suppose -w - 4*q + 25 = 0, 0 = 3*w - 0*w + q - 64. What are the prime factors of 2024/28 - 6/w?
2, 3
Suppose 0 = -5*p + 5*w + 35, -2*p + 3*w - 10 = 7*w. Suppose 0 = d - 0*j - 2*j - 188, 3*j + 552 = p*d. List the prime factors of d.
2, 3, 5
Let i(q) = -5*q - 1. Let c(g) = g**2 - 2*g - 1. Let b be c(2). Let u be i(b). Suppose u*z + 3*l = 2*l + 125, 2*z - 76 = 4*l. List the prime factors of z.
2
List the prime factors of 84/196 - 40692/(-14).
3, 17, 19
List the prime factors of 3 + -1*(-3)/(-6)*-1922.
2, 241
Suppose 2 = 4*d + 22, -4*g + d + 833 = 0. List the prime factors of g.
3, 23
Suppose l = 4*h + 603, 0 = -h - 2*l + l - 152. What are the prime factors of 8/(-4) - -5 - h?
2, 7, 11
Suppose -5*p + 325 = -5*c, -5*p = -4*c + 9*c - 285. Suppose 961 - p = 4*n. What are the prime factors of n?
3, 5
Let l be 1 + (0 + 0 - 1). Let z = -125 + 172. What are the prime factors of ((-1 - -2) + l)*z?
47
Suppose 0 = -20*a + 16*a - 64. List the prime factors of (-5457)/(-34) + 4/(a/6).
3, 53
Let m = 16 - 10. Let t = m + -3. What are the prime factors of 78/(-8)*(-8)/t?
2, 13
Suppose -270*a + 274*a = 9084. List the prime factors of a.
3, 757
Let u(m) = m**3 - m**2 + 251. What are the prime factors of u(0)?
251
Let o be -1 + 5 + 1 + -2. Suppose 164 = 5*f + 4*g, -5*f + 126 = -4*g - 30. What are the prime factors of (4 + f - 3) + o?
2, 3
Suppose 5*x + 30 = 10*x. Let p(g) = -1 + g + 5 + 0*g. List the prime factors of p(x).
2, 5
Let h = 9 - 12. Let q = h + 3. Suppose -5*x + 76 + 49 = q. What are the prime factors of x?
5
Suppose -5*g + 264 = 69. What are the prime factors of g?
3, 13
Suppose -61*w - 2436 = -64*w. List the prime factors of w.
2, 7, 29
Let z(x) be the first derivative of x**4/4 + 2*x**3 + 4. Let h be z(-6). Suppose -n - 4 = -2*k - 5, -2*k - n + 9 = h. What are the prime factors of k?
2
Suppose 0 = -16*g + 10*g + 3864. List the prime factors of g.
2, 7, 23
Suppose -3*t = m - 948, 4*t - 626 - 619 = 5*m. What are the prime factors of t?
3, 5, 7
Let d(m) = 14*m**3 - m**2 + 24*m - 72. What are the prime fact